hat is the greatest common factor of 70 and 202?
2
What is the highest common divisor of 68 and 4?
4
Calculate the highest common divisor of 3200 and 125.
25
What is the greatest common factor of 37 and 481?
37
Calculate the highest common factor of 4439 and 23.
23
Calculate the highest common factor of 21080 and 34.
34
Calculate the highest common divisor of 16 and 12.
4
Calculate the highest common factor of 12 and 28.
4
Calculate the greatest common divisor of 2080 and 13.
13
Calculate the highest common divisor of 630 and 28.
14
What is the greatest common divisor of 903 and 105?
21
Calculate the greatest common factor of 39 and 15.
3
What is the highest common divisor of 4960 and 155?
155
What is the highest common factor of 270 and 20?
10
What is the highest common factor of 3060 and 750?
30
What is the greatest common divisor of 21 and 7?
7
Calculate the greatest common divisor of 50 and 890.
10
Calculate the greatest common divisor of 113 and 4859.
113
What is the greatest common divisor of 726 and 48?
6
Calculate the greatest common factor of 30 and 948.
6
Calculate the highest common divisor of 410 and 246.
82
What is the greatest common divisor of 2214 and 164?
82
What is the highest common divisor of 52 and 2158?
26
What is the greatest common factor of 52 and 403?
13
Calculate the highest common divisor of 56 and 31136.
56
Calculate the greatest common factor of 138 and 897.
69
Calculate the highest common divisor of 451 and 41.
41
Calculate the greatest common divisor of 66 and 5841.
33
Calculate the greatest common divisor of 3678 and 48.
6
What is the greatest common divisor of 2279 and 215?
43
Calculate the greatest common divisor of 9179 and 201.
67
What is the highest common divisor of 50 and 320?
10
What is the highest common factor of 33 and 1683?
33
Calculate the highest common divisor of 28 and 2478.
14
What is the greatest common factor of 2 and 6082?
2
What is the highest common divisor of 7203 and 294?
147
Calculate the greatest common divisor of 23286 and 6.
6
Calculate the highest common divisor of 336 and 105.
21
What is the highest common divisor of 18 and 2?
2
What is the highest common divisor of 102 and 1173?
51
What is the greatest common divisor of 106 and 2?
2
What is the greatest common divisor of 49 and 588?
49
Calculate the highest common factor of 82 and 8897.
41
Calculate the highest common factor of 135 and 1971.
27
Calculate the highest common divisor of 174 and 138.
6
What is the greatest common factor of 6 and 114?
6
What is the greatest common factor of 462 and 15862?
154
Calculate the greatest common divisor of 89 and 1157.
89
What is the greatest common factor of 289 and 4913?
289
What is the greatest common divisor of 688 and 903?
43
What is the highest common factor of 533 and 78?
13
Calculate the highest common divisor of 81 and 153.
9
What is the greatest common factor of 3 and 303?
3
Calculate the greatest common divisor of 2345 and 280.
35
Calculate the greatest common factor of 18 and 4224.
6
What is the greatest common divisor of 5 and 30415?
5
Calculate the highest common factor of 21 and 33.
3
What is the highest common divisor of 5 and 14045?
5
What is the highest common factor of 37 and 148?
37
What is the highest common factor of 62 and 60171?
31
Calculate the highest common factor of 16 and 4024.
8
Calculate the greatest common divisor of 39305 and 35.
35
What is the highest common divisor of 187 and 330?
11
What is the highest common divisor of 19 and 608?
19
Calculate the greatest common divisor of 112 and 51968.
112
What is the highest common factor of 23928 and 72?
24
What is the highest common divisor of 448 and 56?
56
What is the highest common factor of 87 and 203?
29
Calculate the greatest common divisor of 14 and 6755.
7
What is the greatest common divisor of 57 and 6?
3
Calculate the greatest common divisor of 154 and 99.
11
Calculate the highest common divisor of 10317 and 171.
57
Calculate the greatest common divisor of 251 and 2.
1
What is the greatest common factor of 121 and 99?
11
What is the highest common factor of 121 and 99?
11
Calculate the greatest common divisor of 72 and 180.
36
What is the greatest common divisor of 1043 and 7?
7
Calculate the greatest common factor of 423 and 8601.
141
Calculate the greatest common factor of 91 and 1456.
91
What is the highest common factor of 483 and 6?
3
Calculate the greatest common divisor of 77 and 748.
11
Calculate the highest common divisor of 2516 and 148.
148
Calculate the greatest common divisor of 1 and 29.
1
Calculate the highest common factor of 161 and 437.
23
What is the highest common factor of 1045 and 330?
55
What is the greatest common divisor of 2728 and 132?
44
What is the greatest common factor of 132 and 60?
12
Calculate the greatest common divisor of 174 and 13746.
174
Calculate the greatest common divisor of 1558 and 41.
41
What is the greatest common divisor of 371 and 265?
53
Calculate the greatest common divisor of 17 and 1887.
17
What is the highest common divisor of 748 and 44?
44
Calculate the highest common factor of 54 and 24.
6
What is the highest common divisor of 1680 and 2160?
240
What is the greatest common factor of 176 and 99?
11
Calculate the highest common divisor of 3605 and 525.
35
Calculate the highest common factor of 6472 and 8.
8
Calculate the greatest common factor of 11 and 13772.
11
What is the highest common factor of 33 and 7788?
33
What is the highest common divisor of 24 and 5064?
24
What is the highest common divisor of 176232 and 12?
12
What is the highest common factor of 19 and 49?
1
What is the highest common factor of 20 and 422?
2
Calculate the greatest common factor of 1927 and 82.
41
What is the greatest common factor of 40 and 32250?
10
What is the greatest common factor of 14 and 1246?
14
Calculate the highest common divisor of 315 and 1785.
105
What is the highest common factor of 1178 and 1406?
38
What is the highest common divisor of 44066 and 22?
22
Calculate the highest common factor of 84 and 742.
14
Calculate the greatest common divisor of 8 and 356.
4
What is the highest common factor of 654 and 3?
3
What is the greatest common factor of 31 and 2015?
31
What is the greatest common divisor of 12420 and 54?
54
Calculate the greatest common factor of 62 and 414.
2
Calculate the highest common divisor of 50512 and 154.
154
What is the highest common factor of 2048 and 32?
32
Calculate the greatest common factor of 378 and 68229.
189
Calculate the highest common divisor of 4578 and 14.
14
Calculate the highest common divisor of 6 and 2283.
3
What is the greatest common factor of 748 and 1564?
68
What is the greatest common divisor of 12 and 18192?
12
Calculate the highest common factor of 280 and 112.
56
Calculate the greatest common divisor of 13 and 2197.
13
Calculate the highest common factor of 408 and 12342.
102
Calculate the highest common factor of 253 and 1472.
23
Calculate the greatest common divisor of 550 and 18.
2
What is the highest common factor of 34 and 374?
34
Calculate the highest common factor of 2072 and 2664.
296
Calculate the greatest common divisor of 175 and 25.
25
Calculate the highest common divisor of 7216 and 80.
16
Calculate the highest common divisor of 66 and 66.
66
Calculate the highest common divisor of 12 and 12354.
6
Calculate the highest common divisor of 91 and 63.
7
Calculate the highest common factor of 1650 and 1200.
150
Calculate the highest common factor of 44 and 16.
4
What is the greatest common divisor of 5033 and 49?
7
What is the greatest common divisor of 105 and 126?
21
Calculate the greatest common divisor of 1236 and 54.
6
Calculate the greatest common divisor of 170 and 595.
85
What is the greatest common divisor of 1166 and 1272?
106
What is the highest common factor of 791 and 9718?
113
Calculate the highest common divisor of 2299 and 19.
19
What is the greatest common divisor of 10000 and 32?
16
Calculate the highest common factor of 1083 and 1425.
57
Calculate the greatest common divisor of 112 and 48.
16
Calculate the greatest common factor of 91 and 35.
7
Calculate the highest common divisor of 1500 and 60.
60
Calculate the greatest common factor of 6320 and 20.
20
What is the highest common fa